t s(i) = -142*i**2 + 11*i - 29. Give s(2).
-575
Let k(q) = q**2 - 60*q - 190. Calculate k(-3).
-1
Let u(j) = 2*j**3 - 2*j**2 - 4*j - 2. What is u(-1)?
-2
Let m(p) = 9*p + 27. Give m(14).
153
Let d(z) = -6222*z - 37297. Calculate d(-6).
35
Let q(o) = 125*o + 103. Calculate q(-1).
-22
Let i(z) = -23*z**2 + 286*z - 117. Calculate i(12).
3
Let l(g) = 474*g + 5. Determine l(0).
5
Let j(r) = 10*r - 828. Give j(47).
-358
Let t(u) = -15*u + 843. What is t(47)?
138
Let d(a) = -159*a - 2408. Determine d(-15).
-23
Let v(i) = -i**3 + 20*i**2 - 56*i - 26. Give v(16).
102
Let n(v) = -2651*v + 66271. What is n(25)?
-4
Let k(a) = a**3 - 5*a**2 - 80*a + 459. Calculate k(7).
-3
Let j(b) = b**3 - 14*b**2 - 79*b + 539. What is j(8)?
-477
Let w(b) = b**2 - 186*b + 8629. Determine w(88).
5
Let s(n) = -n**3 - 11*n**2 - 5*n - 72. Give s(-11).
-17
Let r(i) = -21*i**3 - 3*i**2 - 7*i + 1. Determine r(-2).
171
Let u(l) = -3*l**3 - 140*l**2 - 231*l - 281. Give u(-45).
-11
Let t(f) = 92*f + 7042. Calculate t(-77).
-42
Let k(w) = -w**3 + 22*w**2 + 106*w + 155. Give k(26).
207
Let w(g) = -2*g**2 + 34*g + 1703. Give w(-22).
-13
Let c(g) = -g**3 - 8*g**2 - 24*g - 26. Give c(-5).
19
Let q(a) = 9*a**2 + 413*a - 411. Determine q(1).
11
Let g(c) = c**2 + 26*c - 642. Determine g(-35).
-327
Let l(f) = -18*f + 127. What is l(10)?
-53
Let a(o) = 1711*o + 11982. Give a(-7).
5
Let h(o) = 40*o**2 + 37*o - 125. Calculate h(3).
346
Let v(z) = 6*z**3 + 38*z**2 - 31*z - 23. Give v(-7).
-2
Let y(w) = -w**3 + 10*w**2 + 15*w - 70. Determine y(11).
-26
Let q(h) = 9*h**3 + 346*h**2 + 145*h - 242. Determine q(-38).
24
Let o(f) = 287*f + 9. Calculate o(1).
296
Let v(z) = -z**3 - 6*z**2 - 6*z - 179. What is v(-8)?
-3
Let q(c) = -c**2 - 4*c - 34. Give q(-9).
-79
Let o(n) = -2*n**3 - 23*n**2 + 38*n + 287. What is o(-12)?
-25
Let b(q) = q**2 - 437*q - 2669. Determine b(-6).
-11
Let t(y) = -47*y - 486. Calculate t(-10).
-16
Let q(g) = g**3 + 4*g**2 - 8*g - 94. Determine q(7).
389
Let v(u) = 34*u + 1237. What is v(-36)?
13
Let r(g) = -50*g**2 + 54*g + 56. What is r(-1)?
-48
Let f(w) = -w**2 - w + 73. Determine f(9).
-17
Let y(r) = -r**3 + 30*r**2 - 88*r + 183. What is y(27)?
-6
Let i(m) = 12528*m - 25054. Give i(2).
2
Let i(r) = 2*r**3 + 89*r**2 + 242*r - 28. Calculate i(-3).
-7
Let t(p) = 10*p - 253. Give t(30).
47
Let s(j) = 10*j**2 + 25*j - 156. Calculate s(5).
219
Let a(w) = -w**3 + 16*w**2 - 61*w + 178. Calculate a(12).
22
Let k(l) = -14*l**3 - 3*l**2 + 6*l - 23. Calculate k(3).
-410
Let t(m) = -m**3 + 8*m**2 + 22*m + 20. Give t(11).
-101
Let p(c) = -c**2 + 10*c + 121. Give p(22).
-143
Let z(c) = -c**3 - 111*c**2 + 1466*c + 105. Calculate z(12).
-15
Let a(c) = c**3 + 20*c**2 - 125*c + 6. What is a(-25)?
6
Let r(j) = -j**2 + 2*j + 4219. Give r(-63).
124
Let p(w) = -w**3 - w**2 - 29*w - 4. What is p(0)?
-4
Let g(c) = 5*c**2 - 853*c - 353. Give g(171).
-11
Let b(j) = 3*j**3 + 48*j**2 + 82*j - 13. Determine b(-14).
15
Let x(q) = 4*q**3 + 6*q**2 + 10. Calculate x(-3).
-44
Let w(a) = -134*a + 648. Give w(5).
-22
Let r(u) = -5*u - 53. Calculate r(16).
-133
Let y(g) = -1131*g + 7918. Calculate y(7).
1
Let f(l) = -163*l + 1088. Calculate f(7).
-53
Let y(u) = 2*u**2 + 13*u - 197. Give y(7).
-8
Let y(z) = -26*z - 531. Give y(-8).
-323
Let y(o) = -o**3 - 19*o**2 - 82*o + 46. Determine y(-8).
-2
Let i(p) = -2*p**2 + 118*p - 642. What is i(6)?
-6
Let w(x) = -4*x**2 + 14*x - 35. Give w(5).
-65
Let y(q) = q**3 + 30*q**2 + 111*q + 816. What is y(-27)?
6
Let l(s) = -s**2 + 30*s. What is l(13)?
221
Let q(r) = -r**3 - 45*r**2 + 44*r - 85. Give q(-46).
7
Let v(a) = -a**3 + 16*a**2 - a - 23. Give v(15).
187
Let c(j) = 6*j - 495. Calculate c(30).
-315
Let h(u) = 23*u + 1952. Calculate h(-81).
89
Let s(y) = 3*y - 177. Calculate s(46).
-39
Let r(s) = -3*s**2 - 19*s + 228. Give r(-13).
-32
Let c(t) = 5*t**2 - 16*t + 2. Give c(3).
-1
Let v(j) = -863*j + 915. Give v(1).
52
Let f(g) = -6*g**2 - 343*g - 1747. What is f(-5)?
-182
Let a(y) = y**3 + 27*y**2 - 78*y + 383. Determine a(-30).
23
Let i(w) = -w**3 + 9*w**2 + 12*w - 237. Determine i(10).
-217
Let d(q) = -q**3 - 24*q**2 - 36*q + 62. Determine d(-22).
-114
Let d(y) = -13*y - 388. Give d(20).
-648
Let u(l) = -l**3 + 22*l**2 + 3*l - 73. Calculate u(22).
-7
Let j(f) = f**2 + 17*f - 22. Determine j(-21).
62
Let n(u) = -30*u**3 - 11*u + 10. What is n(1)?
-31
Let p(b) = -63*b - 346. What is p(-6)?
32
Let n(t) = t**3 + 23*t**2 + 61*t - 60. Calculate n(-19).
225
Let i(f) = -8*f - 186. What is i(-13)?
-82
Let w(t) = t**2 + 42*t + 402. Determine w(-27).
-3
Let g(p) = -146*p**2 + 258*p + 258. What is g(-1)?
-146
Let w(o) = o**3 + 13*o**2 - 3*o - 181. What is w(-12)?
-1
Let g(w) = 4*w**2 - 122*w - 485. Calculate g(34).
-9
Let a(i) = -1213*i - 12108. What is a(-10)?
22
Let s(b) = b**2 + 166*b - 2139. Calculate s(12).
-3
Let m(k) = k**3 - 12*k**2 + 5*k + 63. Determine m(11).
-3
Let z(o) = 583*o - 3460. Give z(6).
38
Let i(p) = p**3 - 9*p**2 - 88*p - 161. Calculate i(-3).
-5
Let z(t) = 889*t - 6215. What is z(7)?
8
Let h(d) = -150*d - 1948. Give h(-13).
2
Let r(n) = -n**3 - 129*n**2 + 386*n - 1312. What is r(-132)?
8
Let b(u) = -u**3 + 137*u**2 + 255*u + 3191. Give b(139).
-6
Let v(d) = -23*d + 281. Calculate v(18).
-133
Let p(t) = 108*t - 1550. Give p(17).
286
Let w(n) = 10253*n - 51266. What is w(5)?
-1
Let r(t) = -196*t + 6705. Calculate r(35).
-155
Let c(q) = -10*q**3 - 53*q**2 - 14*q - 9. Give c(-5).
-14
Let f(y) = -3*y - 318. What is f(-21)?
-255
Let q(k) = -3*k**2 + 88*k - 58. Determine q(29).
-29
Let s(b) = 2*b**3 - 123*b**2 - 53*b - 541. What is s(62)?
17
Let c(a) = -a**2 - 3*a + 26. What is c(-10)?
-44
Let d(a) = -a**2 + 42*a + 107. Calculate d(45).
-28
Let a(n) = -n**3 + n**2 - 11*n + 86. What is a(4)?
-6
Let q(d) = -2*d**2 + 148*d - 1470. Determine q(13).
116
Let p(v) = 6*v**2 - 58*v - 25. Calculate p(-5).
415
Let m(p) = -p**3 - 32*p**2 - 261*p - 102. Calculate m(-15).
-12
Let w(p) = -353*p - 1734. Calculate w(-5).
31
Let u(f) = -f**2 + 825*f + 2487. What is u(-3)?
3
Let i(o) = -74*o - 455. Determine i(-7).
63
Let c(s) = -8*s**2 + 39*s + 273. Determine c(-5).
-122
Let i(y) = 2*y**2 - 189*y + 1228. Calculate i(7).
3
Let d(l) = 2*l**3 - l**2 - 30*l + 65. Give d(2).
17
Let b(g) = -184*g - 1508. Give b(-8).
-36
Let b(g) = -g**2 - 306*g - 7018. Determine b(-25).
7
Let w(y) = -16*y - 525. Give w(-32).
-13
Let p(u) = -4*u**2 - 142*u - 336. Determine p(-33).
-6
Let f(n) = 2847*n + 5744. Determine f(-2).
50
Let u(y) = -y**3 - 17*y**2 - 4*y - 788. Determine u(-19).
10
Let l(o) = o**3 + 21*o**2 + 31*o - 100. Give l(-19).
33
Let g(u) = -14*u + 74. Give g(-5).
144
Let p(k) = 7*k**2 - 64*k + 61. What is p(8)?
-3
Let s(k) = k**3 + 27*k**2 - 686*k - 9. Give s(16).
23
Let r(q) = q**3 + 9*q**2 + 65*q + 76. Determine r(-3).
-65
Let h(q) = -41*q - 27. Determine h(2).
-109
Let a(r) = 4*r**2 + 634*r - 6. Calculate a(0).
-6
Let n(v) = v**2 - 63*v + 952. Give n(27).
-20
Let p(m) = -44*m - 4478. What is p(-102)?
10
Let i(z) = 1229*z - 8598. Determine i(7).
5
Let w(j) = -12*j - 675. Determine w(-59).
33
Let s(h) = -89*h**2 - 17888*h + 210. Calculate s(-201).
9
Let d(m) = 2*m**3 + 78*m**2 - 158*m + 272. Calculate d(-41).
26
Let q(h) = 17*h + 1357. Give q(-80).
-3
Let n(w) = -76*w**3 + 2*w**2 - 8*w + 7. Give n(2).
-609
Let d(u) = 2*u**3 + 39*u**2 - 154*u - 2637. Calculate d(-20).
43
Let v(h) = 3*h**3 - 5*h**2 - 9*h + 43. Calculate v(5).
248
Let k(j) = j**3 + j**2 + 13*j - 30. Calculate k(2).
8
Let a(s) = -3*s**2 + 107*s + 307. Determine a(36).
271
Let c(w) = 4*w**2 - 219*w + 2892. Determine c(33).
21
Let w(r) = -3*r**3 + 4*r**2 - 53*r + 202. Give w(3).
-2
Let m(r) = r**3 + r**2 - 36*r - 66. Give m(-4).
30
Let i(s) = -3*s**3 - 41*s**2 + 182*s + 2352. Calculate i(-14).
0
Let b(y) = -y**3 + 18*y**2 - 52*y + 716. Determine b(13).
885
Let g(i) = -3*i**2 - 126*i - 385. What is g(-39)?
-34
Let d(m) = -m**2 - 58*m - 251. What is d(-5)?
14
Let x(t) = t**3 + 95*t**2 - 608*t - 201. Determine x(-101).
1
Let g(f) = -f**2 + 27*f + 34. What is g(31)?
-90
Let r(o) = -3*o**2 + 185*o + 22. Determine r(64).
-426
Let z(i) = -5*i**2 - 19*i + 82. Calculate z(-10).
-228
Let r(k) = 88*k + 348. Calculate r(-4).
-4
Let f(o) = -o**3 + 29*o**2 - 34*o + 106. Determine f(28).
-62
Let p(n) = 343*n - 950. Calculate p(3).
79
Let l(